 241 - 59. Suppose q - j = -116. Calculate the highest common divisor of 99 and q.
33
Suppose -46*p = -52*p - 1080. Let d = p + 465. What is the greatest common factor of 45 and d?
15
Let s = 2816 - 2804. Calculate the highest common factor of 724 and s.
4
Let n(g) = g**3 + 33*g**2 - 13*g + 135. Let h be n(-33). Calculate the highest common divisor of h and 96.
12
Let q = 47936 + -28316. Calculate the greatest common divisor of 60 and q.
60
Let r = 12091 + -12081. Let b(o) = o - o + 4 + 4*o. Let g be b(r). What is the highest common divisor of g and 110?
22
Let v = -61 - -63. Suppose 4*a - 4 = v*a. Let y(z) = -15*z - 72. Let s be y(-6). Calculate the greatest common divisor of s and a.
2
Suppose -63*n + 32 = -55*n. Suppose n*b + 3325 = 11*b. What is the highest common divisor of 19 and b?
19
Let p(r) = 4*r**2 - 12*r**2 + 5*r + 7*r**3 + 5*r**2 - 6. Let w be p(2). Calculate the highest common factor of 3 and w.
3
Suppose -6*r - 236 = -86. Let b = -29 - r. Let l be 110/b*4/(-5). Calculate the greatest common factor of l and 99.
11
Let s = -72 + 73. Let c be (-3)/s + -3 + 32/8. Let u = 13 - c. What is the highest common divisor of u and 30?
15
Let o = -6482 - -6502. Calculate the greatest common factor of 655 and o.
5
Let v be (-22002)/(54/(-30)*(93/18 + -5)). What is the greatest common factor of 386 and v?
386
Let x = 3292 - 2923. Calculate the greatest common factor of x and 943.
41
Let k(x) = 2*x**2 - 114*x + 455. Let u be k(4). Calculate the highest common factor of 5177 and u.
31
Let r = 424 + -328. What is the highest common factor of 936 and r?
24
Let o be (310100/245)/((-8)/(-28)). What is the greatest common divisor of o and 30?
10
Let x = -758 + 900. Suppose 49*b + 1065 = 52*b. Calculate the highest common divisor of b and x.
71
Let j(p) = p**2 + p + 40. Let t be j(-8). Suppose -4*w = -2*r - 0 - t, -5*r + 135 = 5*w. What is the highest common factor of w and 75?
25
Let s(w) = 41*w**2 + 26*w + 13. Let a be s(-2). Calculate the greatest common factor of a and 3925.
25
Let d be -2 + 3 + -4 + -1 + 572. Suppose -562*g = -d*g + 1248. What is the greatest common factor of g and 13?
13
Suppose -13*b + 28 = -24. Suppose 0 = -b*a + 144 + 500. What is the greatest common factor of 14 and a?
7
Suppose 0 = 6*q + 136 + 44. Let n be 4/q + ((-12236)/60)/(-7). Suppose -21 = -2*r + 3*l - 7, -4*l + n = r. Calculate the highest common factor of r and 91.
13
Let n(t) = -t**3 + 17*t**2 - 44*t - 1. Let b be (370/(-259))/(2*(-2)/28). Let r be n(b). Calculate the greatest common factor of r and 14.
7
Suppose s - 21 = -2*s. Suppose -s = -0*y - 7*y. Let k be 3 + 1*2 + y + 11. What is the highest common factor of k and 34?
17
Let x be (-61164)/(-84) - (2/4)/(49/14). What is the highest common divisor of x and 504?
56
Let i(v) = 14*v**2 + 32*v - 20. Let x be i(-5). Calculate the greatest common factor of 2278 and x.
34
Suppose -8*l + 21 + 3 = 0. Suppose -l*u + 2856 = 5*q, 2*q - 2*u = -4*u + 1144. What is the highest common divisor of 5 and q?
5
Let b be (-24)/16 + (-9)/(-2). Suppose 15 = -0*w - b*w, 4*f + 4*w - 268 = 0. What is the highest common factor of 45 and f?
9
Suppose -181*w + 276 = -169*w. Let d = 38 - w. What is the greatest common divisor of 100 and d?
5
Suppose -3400 = 2101*q - 2106*q. What is the highest common factor of q and 2584?
136
Let i(f) = 1543*f**2 + 12*f - 8. Let c be i(-2). Calculate the highest common factor of 20 and c.
20
Suppose 26*y - 9*y - 752 = -616. Let j be (-20)/6*6/(-5). Suppose -8 - 152 = -j*k. Calculate the greatest common factor of y and k.
8
Suppose -11576 - 64104 = -22*h. Calculate the highest common factor of 35 and h.
5
Suppose 0 = -48*g - 13*g - 13*g + 626336. Calculate the greatest common factor of g and 80.
16
Let r(b) = b**3 - 6*b + 8. Let w be (4/(-10))/(7/(-35)). Let p be r(w). What is the greatest common factor of 112 and p?
4
Let s = -29 - -35. Suppose 4 = -s*l - 20. Let v be ((-16)/4 - l) + 26. Calculate the highest common factor of 39 and v.
13
Suppose -7*c - 22 = -15. Let d be c*(-19 + 3)*1. Let v = 32 + d. Calculate the highest common factor of 528 and v.
48
Let t = -93 + 95. Let g be ((-5)/t)/(4/(-8)) + 3. What is the greatest common factor of g and 8?
8
Let z be (7 - 5) + (-4 - -271 - 4). Let w = z - 254. Calculate the greatest common factor of w and 154.
11
Let s(k) = 21*k + 1. Let o be s(1). Suppose 54*r - 52*r + 20 = 0. Let u be 11/(220/(-8)) + (-224)/r. What is the greatest common divisor of u and o?
22
Let q(w) be the third derivative of -w**4/2 + 19*w**3/6 + 2*w**2 - 1. Let p be q(0). Calculate the greatest common divisor of p and 38.
19
Suppose -2*z = p - 64, 0 = p - 5*z - 59 + 16. Let u be 2 - (10/5 + -148 + 0). Suppose 0 = n + p - u. What is the highest common divisor of 18 and n?
18
Let z = 6 + -3. Suppose -z*l + 1910 = 602. Let o = -156 + l. What is the greatest common divisor of 28 and o?
28
Suppose 0 = -5*c - 2*u + 2 + 9, 5*u = 2*c + 13. Suppose 7 = 4*h - 5*h. Let n = h - -9. Calculate the highest common factor of c and n.
1
Let z(j) = 9*j + 51. Let p be z(-5). Suppose 8*k - p*k = 14. Let r = -70 + 105. Calculate the greatest common divisor of k and r.
7
Let x = -206 + 162. Let t be 11/(x/(-8))*2. What is the greatest common factor of t and 1?
1
Let u(w) = -w**3 - 10*w**2 - 8*w - 16. Let x be u(-11). Let k = 214 - x. What is the greatest common factor of 210 and k?
21
Let l(r) = -4*r**2 + 36*r + 19. Let b be l(9). Suppose 5*g - 67 - 58 = 0. Let p be (152/(-10))/((-10)/g). Calculate the highest common divisor of b and p.
19
Let q(j) = -41*j. Let n be q(-2). Suppose -175 = 8*t - 9*t. Let b = 216 - t. Calculate the highest common divisor of n and b.
41
Let t(m) = -m**3 + 5*m**2 + 6*m. Let c be t(5). Let r = -86 + 90. Let j be 60/3 - (1 + r). Calculate the greatest common factor of j and c.
15
Let j be (7 - -1 - -2)*(-1 + 8 - 6). Calculate the highest common divisor of 1555 and j.
5
Suppose -14457 = -u - 4*p, 2*p - 55 = -43. What is the greatest common factor of 34 and u?
17
Let k = -33 - -34. Let c be -6*k*(-5)/6. Let m = 181 + -136. What is the highest common divisor of m and c?
5
Let r = -3806 + 3880. Calculate the greatest common factor of r and 1813.
37
Suppose o - 10 + 7 = -r, 2*r + 4*o = -4. Suppose -m - 19 = -3*g - 5*m, -49 = -5*g + 2*m. Suppose r*y = g*y - 1. Calculate the greatest common factor of 3 and y.
1
Suppose d + 1456 = -5*y, 5*y - 9*y = 3*d + 4335. Let u = 2513 + d. Calculate the highest common divisor of u and 16.
16
Suppose 0 = 11*z - 883 - 149 - 420. Calculate the highest common factor of 1364 and z.
44
Suppose -12*l = -2*l - 100. Suppose 4*f = l*f - 2256. Suppose 422 + f = 6*o. What is the greatest common divisor of 19 and o?
19
Let v(f) = 9*f - 22. Let z be v(3). Suppose z*b + 71 = 4*t - 275, -3*t - 3*b + 246 = 0. What is the highest common divisor of 196 and t?
28
Let d = 425 - 515. Let r be d*(84/18)/(-14). Calculate the highest common factor of 795 and r.
15
Let n(t) = -t**3 - 18*t**2 - 19*t - 33. Let f be n(-17). Let b be 763 - (f + 4 + -10). Calculate the greatest common divisor of b and 16.
16
Let b(i) = i**2 - 207*i + 412. Let v be b(2). Calculate the highest common divisor of v and 553.
1
Let y = 101 - 101. Let r be (y + -4 + 1)*-28. Suppose -4*d - d + 3*n = -96, -5*n = -15. Calculate the highest common factor of d and r.
21
Let o = -509 + 509. Suppose 3*a + 4*k - 136 = o, -16 = -4*k - 0*k. Let z = 15 - 7. What is the highest common factor of a and z?
8
Suppose -5*v = -15, v = 7*f - 3*f - 17. Suppose 220 = f*h - n, -5*h - 2*n + 220 = -n. Calculate the highest common divisor of h and 77.
11
Suppose 4*z - 4*x - 624 = 0, -8*z + 160 = -7*z - 3*x. What is the greatest common factor of z and 238?
14
Let l(i) = -i**3 - i**2 + 2*i + 71. Let k be l(0). Let q = k - 77. Let g be 1911/63 + 2/q. Calculate the highest common factor of 6 and g.
6
Let x(u) = -13*u + 130. Let g be x(5). Let b(l) = l**2 - 5*l + 10. Let d be b(5). Calculate the highest common factor of d and g.
5
Suppose -1469 - 3846 = -2*b + 1705. Calculate the greatest common divisor of b and 312.
78
Let y = 2180 + 5190. What is the highest common divisor of 110 and y?
110
Suppose -k = i - 1688, -5*k = 82 - 72. What is the greatest common divisor of i and 520?
130
Let a(x) = 23*x - 159. Let z be a(7). Suppose w + 2*